?
True
Is 153350759 composite?
True
Is 93464639 a prime number?
False
Is 1660278209 prime?
True
Is 21368424571 prime?
False
Is 4735019155 a composite number?
True
Is 530268649 prime?
True
Is 41126172055 prime?
False
Is 632219141 a prime number?
True
Is 2517430439 a prime number?
False
Is 13144919 a prime number?
True
Is 52144144889 a composite number?
False
Is 1347930803 prime?
False
Is 187011749 composite?
True
Is 5294243177 a composite number?
False
Is 67984223899 prime?
True
Is 565953631 a prime number?
True
Is 232055819 prime?
True
Is 808129919 a prime number?
True
Is 21985028203 a prime number?
False
Is 1814556743 prime?
True
Is 28539214703 prime?
True
Is 490234601 a composite number?
False
Is 125198587 prime?
True
Is 627628429 a composite number?
False
Is 124317416393 a composite number?
False
Is 1082811491 composite?
False
Is 35131989203 a prime number?
True
Is 11830623149 prime?
True
Is 12673571303 composite?
False
Is 458355433 a composite number?
True
Is 2500183393 a prime number?
False
Is 4314434639 a prime number?
True
Is 5574981103 a composite number?
True
Is 3622445807 prime?
True
Is 494276467 a composite number?
False
Is 13110159193 composite?
False
Is 7162980389 a composite number?
True
Is 2434027483 prime?
False
Is 790334481 a composite number?
True
Is 1775737423 prime?
False
Is 8668708639 a composite number?
False
Is 470811899 prime?
True
Is 519421841 a prime number?
False
Is 14000239 composite?
True
Is 73444960033 composite?
True
Is 39502707307 composite?
True
Is 245911207 a composite number?
False
Is 106736878817 composite?
True
Is 715184219 a composite number?
False
Is 18239989 a composite number?
True
Is 12718400953 a composite number?
False
Is 2276203499 prime?
True
Is 16920906923 prime?
True
Is 10131793141 prime?
False
Is 358456073 composite?
True
Is 3494415049 a composite number?
True
Is 490932283 prime?
True
Is 134688731539 composite?
False
Is 16401127753 a composite number?
True
Is 581549026933 a composite number?
True
Is 7947146091 a prime number?
False
Is 22906614259 a prime number?
True
Is 36566949761 a prime number?
True
Is 2046969077 prime?
True
Is 5919594551 prime?
False
Is 1736442689 prime?
True
Is 285033737 prime?
True
Is 158064889633 composite?
True
Is 8494789651 composite?
False
Is 2175010007 composite?
True
Is 6658168237 a prime number?
False
Is 8343515317 a prime number?
False
Is 153246239 a prime number?
True
Is 10868447717 prime?
True
Is 463392737 a composite number?
True
Is 228010417 composite?
False
Is 5725732667 a prime number?
True
Is 23163461047 a prime number?
True
Is 312598795 composite?
True
Is 1232145143 prime?
False
Is 39530783027 a composite number?
False
Is 1110853993 a prime number?
True
Is 17548395947 composite?
False
Is 52606027 prime?
True
Is 775855459 a composite number?
False
Is 41910443 composite?
True
Is 321946897 a composite number?
True
Is 24660221041 a prime number?
False
Is 12769960229 a prime number?
False
Is 2052805273 composite?
False
Is 36732990551 composite?
False
Is 2004375391 composite?
True
Is 22228023151 a composite number?
True
Is 4772693389 a composite number?
True
Is 3304665431 composite?
False
Is 14208698747 prime?
True
Is 38025254989 prime?
True
Is 30690317129 composite?
False
Is 30911945563 composite?
True
Is 27215458691 a prime number?
True
Is 961177177 composite?
False
Is 15826455863 a composite number?
True
Is 12744781319 composite?
False
Is 63668086021 a composite number?
False
Is 231023245 a composite number?
True
Is 5455269115 prime?
False
Is 7555853611 composite?
False
Is 149405806343 a composite number?
False
Is 4257787987 composite?
True
Is 281525477 a prime number?
False
Is 1027002169 a composite number?
False
Is 564705041 a composite number?
False
Is 1103410129 a prime number?
True
Is 30731973677 a composite number?
True
Is 2668262633 a prime number?
False
Is 14175400565 a composite number?
True
Is 1248891401 a prime number?
True
Is 116835139 a prime number?
True
Is 981740679 a prime number?
False
Is 695822627 a composite number?
False
Is 5075289943 composite?
False
Is 10090903171 prime?
True
Is 9553324733 prime?
False
Is 819559571 prime?
False
Is 1531943651 prime?
False
Is 1363216093 a prime number?
False
Is 48514876889 prime?
False
Is 28369505 a composite number?
True
Is 414429061 composite?
False
Is 4913855957 a composite number?
True
Is 386074369 a composite number?
True
Is 85236209837 composite?
False
Is 2126495391 composite?
True
Is 3795558955 a composite number?
True
Is 2349807571 prime?
True
Is 73020258257 prime?
False
Is 566655035 prime?
False
Is 1757839955 composite?
True
Is 281657459 a composite number?
False
Is 10796107841 prime?
False
Is 1952140259 prime?
True
Is 1164251441 composite?
True
Is 206065906853 a composite number?
True
Is 95503626623 composite?
True
Is 16717664177 composite?
True
Is 1528772519 prime?
True
Is 36872994721 a composite number?
False
Is 3263451197 a composite number?
False
Is 23575558087 a composite number?
False
Is 66993898121 a prime number?
True
Is 51964312891 a prime number?
False
Is 1115955767 a prime number?
False
Is 203649667439 a composite number?
False
Is 47951537 a prime number?
True
Is 1440277581 a prime number?
False
Is 512046577 a prime number?
False
Is 1289246339 a composite number?
True
Is 17066712155 prime?
False
Is 59285092753 a prime number?
True
Is 35762050199 a composite number?
True
Is 375465803 composite?
True
Is 796709659 a composite number?
False
Is 555773782 composite?
True
Is 145718254267 a prime number?
True
Is 53213438 composite?
True
Is 12190348047 a prime number?
False
Is 3213071761 prime?
False
Is 1869297893 prime?
True
Is 29942791127 composite?
False
Is 42647791177 a composite number?
False
Is 81224019659 a prime number?
True
Is 339063391 prime?
False
Is 824410403 prime?
False
Is 954861811 a prime number?
False
Is 3681367219 a composite number?
False
Is 1533009421 a composite number?
False
Is 50885476743 composite?
True
Is 3830741587 composite?
False
Is 70981787783 a composite number?
False
Is 5184050377 a composite number?
True
Is 17659137401 a prime number?
False
Is 3084743371 a composite number?
True
Is 2740080565 prime?
False
Is 1048296317 composite?
True
Is 709623661 prime?
True
Is 4301458589 a composite number?
True
Is 41077901779 composite?
True
Is 135773759819 a composite number?
False
Is 58377226651 prime?
True
Is 58193998459 a prime number?
True
Is 2074312421 prime?
True
Is 3505493459 composite?
True
Is 388747207 prime?
False
Is 659275307 prime?
False
Is 17119297 a composite number?
True
Is 112473613789 composite?
False
Is 53071912339 composite?
True
Is 2303790557 a composite number?
True
Is 35500706177 composite?
True
Is 5184868061 a prime number?
False
Is 3775706587 prime?
True
Is 334198889 a composite number?
True
Is 2035588193 prime?
False
Is 24586303939 a prime number?
False
Is 5270778731 a composite number?
True
Is 3385732033 prime?
True
Is 9802510439 a composite number?
False
Is 3190070414 prime?
False
Is 41545747 prime?
False
Is 267663233 prime?
True
Is 1471990987 a prime number?
True
Is 29126648843 a composite number?
False
Is 5003075183 prime?
False
Is 314055481 prime?
False
Is 41308311649 a prime number?
False
Is 14608656149 a prime number?
False
Is 29485505069 a prime number?
True
Is 2354011727 a prime number?
False
Is 110198303 prime?
False
Is 2985012523 composite?
True
Is 314517166 composite?
True
Is 360557227 composite?
False
Is 50132030261 composite?
True
Is 1540661347 a composite number?
False
Is 7285538027 a prime number?
False
Is 5908402897 a composite number?
True
Is 6273558209 a prime number?
True
Is 4540977403 prime?
False
Is 278004539 a composite number?
False
Is 79988921 composite?
True
Is 13339547635 composite?
True
Is 1055017459 a prime number?
True
Is 102589933 prime?
True
Is 102833539601 prime?
False
Is 35570690659 a prime number?
False
Is 4163552111 prime?
False
Is 15753305239 prime?
False
Is 504115219 a prime number?
False
Is 25253657581 prime?
True
Is 45040517231 composite?
False
Is 103466099189 a composite number?
False
Is 627791649 a composite number?
True
Is 1064989027 a composite number?
True
Is 133044369803 prime?
True
Is 63533803 composite?
True
Is 2668110163 composite?
True
Is 18351933889 prime?
True
Is 1381672177 composite?
False
Is 17